+ 0*w**2 - 3*w + 3*w**3. Let v be x(-6). Calculate the highest common divisor of 22 and v.
22
Let t = 80 - -270. Suppose 2*m - 2*k - 74 = 2*k, 0 = 4*m + 2*k - 138. Calculate the greatest common factor of m and t.
35
Let o be ((-120)/(-18))/((-9)/(-4698)). Calculate the highest common factor of o and 60.
60
Suppose -4*l = 8*l - 504. Suppose -5*y + 58 = -l. What is the greatest common factor of y and 220?
20
Suppose -4*o = 5*v - 65, -6*v + 3 = -7*v. What is the greatest common factor of o and 1220?
20
Suppose -4*n = 4, 4*n - 2 - 4 = 5*t. Let h be (0 + (-2 - 6)/1)*t. Calculate the highest common divisor of 80 and h.
16
Suppose 0 = -2*h - g + 1320, -5*h + h = -3*g - 2640. Let m be 7/(35/h) + 3. What is the greatest common factor of m and 15?
15
Let r(m) = -18*m**3 - 3*m**2 - 6*m - 8. Let s be r(-2). What is the greatest common divisor of s and 17?
17
Suppose 0*s - 204 = -2*s. Let i be (2/(-3))/(17/85)*(-102)/10. Calculate the greatest common divisor of i and s.
34
Let l(q) = q**2 - 2*q - 38. Let g be l(-8). Let c(f) = f**3 - 2*f**2 - 5*f + 9. Let s be c(4). Calculate the highest common factor of s and g.
21
Let y = 37 - 17. Let i(n) = 10*n. Let b = -10 + 26. Let k be i(b). Calculate the highest common factor of k and y.
20
Suppose -11*g + 33*g = 308. Calculate the greatest common divisor of g and 189.
7
Suppose 10*w = -2*l + 5*w + 49, -3*l + 60 = 3*w. Calculate the highest common divisor of 731 and l.
17
Suppose -193 = -4*p - 17. Suppose -152 = -9*n - 53. Calculate the greatest common factor of n and p.
11
Let f be (-124)/(-5) + 356/(-445). Let z(u) = -5*u**3 - 5*u**2 - 2*u. Suppose 3*j = -8 - 1. Let l be z(j). What is the highest common divisor of f and l?
24
Let m be (-40 + 34)*(-1 + 0). What is the greatest common factor of 3 and m?
3
Let r(t) = -t**2 + 7*t - 3. Let k = -9 + 12. Let b be r(k). Calculate the greatest common factor of 18 and b.
9
Suppose 142 = -15*x + 232. What is the greatest common divisor of x and 1362?
6
Let j(r) = 23*r. Let s be j(3). Let k = 73 + -70. Suppose 0 = q - c - k*c - 3, 5*q = 3*c + 100. What is the greatest common divisor of s and q?
23
Suppose -2*z = -z - 12. Let k = 217 - 477. Let o = k - -263. What is the greatest common divisor of o and z?
3
Let z be (-1 - -115)*1 + 0 - 2. What is the highest common factor of 168 and z?
56
Let m(p) = -4*p**2 + 12*p + 10. Let f be m(3). What is the highest common divisor of 290 and f?
10
Suppose 88*a + 7191 = 105*a. Calculate the greatest common divisor of 188 and a.
47
Let o = 40 - 28. Suppose d = -2*d + 6. Suppose 2*n + 4*g - 50 = d*g, -n + 19 = -5*g. What is the greatest common factor of n and o?
12
Let l = -20 - -13. Let a(g) = g + 12. Let m be a(l). Calculate the highest common factor of 55 and m.
5
Let n = 253 + -229. Calculate the greatest common divisor of 3 and n.
3
Suppose -5*p - 532 = -4*o - 3*p, o = 4*p + 119. Let q be 4/7 + (-4)/7. Suppose q = -4*m + m + 45. Calculate the highest common factor of o and m.
15
Suppose 48*o - 6 = 45*o. Suppose 4*r = c - 20, -2*c + o*r = c - 40. Suppose -2*p + 108 = p. What is the greatest common factor of c and p?
12
Suppose 0*x = 4*x - 28. Let t be (x/(-3))/(1/(-36)). Suppose -51 = -4*g + o, -4*o - 59 = -5*g + 13. What is the greatest common factor of t and g?
12
Suppose 4*w + 184 = 4*d, 0 = 12*d - 11*d - 4*w - 40. Calculate the highest common factor of 276 and d.
12
Suppose 3*b - 6*b = -2*y - 17, -3*y = -3*b + 18. Let l be 1 - b - 5*-2. Let z be 1 + (-8)/l*-24. What is the greatest common factor of 33 and z?
33
Suppose -3*b - 4*b + 98 = 0. Let i be (-24)/21 + 2/b. Let c be -7 - -30 - (-3 - i). Calculate the highest common divisor of c and 50.
25
Suppose 39 = 5*i - 2*i. Suppose -j = 3*x - 143, 31*j - 2*x = 35*j - 572. Calculate the highest common factor of j and i.
13
Let a = -437 - -507. Let l(k) = -5*k - 6. Let u be l(-4). What is the highest common factor of u and a?
14
Suppose -124 = -13*w + 12*w. What is the highest common factor of 31 and w?
31
Let z(h) = 5*h + 167. Let p be z(26). Calculate the greatest common divisor of p and 54.
27
Suppose -115 + 103 = -6*x. Suppose 13 = 3*p + 1. Suppose 4 = x*o, 2*o - 30 = -3*f + p. Calculate the highest common factor of f and 110.
10
Suppose 2*q = -12*q + 2352. Calculate the highest common factor of 21 and q.
21
Suppose 3*k = -3*t + 195, 0 = 4*t + k - 207 - 47. What is the greatest common factor of 18 and t?
9
Let a be 2 + 11/((-55)/(-350)). Let x(k) = -19*k**3 - 2*k**2 - k. Let b be x(-1). What is the greatest common divisor of b and a?
18
Let g(j) = -j**3 - 7*j**2 + 7*j + 6. Let k be g(-8). Let x be 115 + 43 - 1*4. Calculate the highest common divisor of x and k.
14
Suppose -19*l + 1840 = -11*l. What is the greatest common divisor of 23 and l?
23
Suppose -7*z = -5*z - 28. Let n = 26 - z. Let x(j) = -j**3 + 13*j**2 + 7*j - 18. Let a be x(n). Calculate the greatest common factor of a and 21.
21
Let q be 3752/35 - 1/5. Let a = q - 72. Let x(u) = 9*u - 31. Let f be x(5). Calculate the highest common divisor of a and f.
7
Suppose 0 = -3*c - 3*i - 13 - 20, -4*c - 2*i - 46 = 0. Let y be c*(-3 - 21/(-9)). Calculate the highest common divisor of 2 and y.
2
Let z(t) = -59*t - 39. Let l be z(-7). Suppose -5*c + 146 + 24 = 0. Calculate the greatest common divisor of c and l.
34
Let z(h) = 6*h**2 + 7*h + 5. Let j be z(-5). Suppose p = -2*y + 12, 4*y + 33 - 93 = -5*p. What is the highest common divisor of p and j?
12
Let t(x) = 4*x + 2*x**2 - 3*x - 3*x - 6*x**3 + 1 + 13*x**3. Let j be t(1). Let c = 16 + 8. Calculate the highest common divisor of c and j.
8
Let o be (-16620)/(-45) - 10/(-6). Calculate the highest common divisor of 53 and o.
53
Let a be 1/3 - 40/(-6). Let o(g) be the second derivative of g**4/6 - g**3/6 - g**2/2 + g. Let s be o(3). Calculate the greatest common divisor of s and a.
7
Suppose 5*b - s - 212 = 0, -3*b - 34 = -4*b - 4*s. Suppose -2*d - 612 = 4*o - 6*d, 6 = -2*d. Let h = b - o. What is the greatest common factor of 22 and h?
22
Let y(v) = 39*v - 13. Let h be y(1). What is the highest common divisor of h and 637?
13
Let x = -46 - -25. Let f be (7/x)/((-16)/15 - -1). Calculate the highest common factor of 25 and f.
5
Suppose 0 = -4*z - 5*s + 25, 2*z + 0*s = 4*s + 6. Let t(d) = d**3 - 6*d**2 + 3*d + 12. Let u be t(z). Calculate the greatest common divisor of u and 10.
2
Suppose -5*u = -11 - 19. Suppose u*j - 374 = -5*j. Calculate the greatest common factor of j and 170.
34
Let b(h) = -h + 14. Let x be b(10). Suppose w - 528 = -3*j + x*w, -2*j + 344 = -4*w. Suppose j = 26*a - 23*a. What is the greatest common divisor of 15 and a?
15
Suppose 0 = -275*y + 242*y + 1914. Calculate the greatest common divisor of y and 725.
29
Suppose o + 0 = 2. Suppose -4*a - o*r = -10, -r = -0*a + a - 2. Suppose -2*m + 43 = c, 0 = a*m - 0*c - 4*c - 48. What is the highest common factor of 4 and m?
4
Let i = -2 - -288. Calculate the greatest common divisor of 13 and i.
13
Suppose -10*a - 630 = -4*a. Suppose -3*j + 3*q - 5*q = -464, q = j - 163. Let f be j/5 + 63/a. Calculate the highest common divisor of f and 124.
31
Let m(f) = -2*f - 26. Let l(q) = 5*q + 79. Let v(g) = -4*l(g) - 11*m(g). Let c be v(16). Calculate the highest common factor of c and 4.
2
Let y(t) = -4*t**3 - 4*t**2 - 2*t. Let k be y(-2). Let a(r) = r**2 - 36*r - 566. Let b be a(48). Calculate the greatest common divisor of b and k.
10
Suppose 0 = -k + 2. Let b be ((-200)/(-16))/(1/k). Suppose -3*u + 625 = 5*j, 5*u + 0*u - 1025 = -5*j. What is the greatest common factor of u and b?
25
Let j = 122 + -104. Calculate the highest common factor of 48 and j.
6
Let y(m) = 10*m - 7 + 2*m**2 + 32*m**3 + 3*m**2 - 33*m**3. Let s be y(6). Calculate the greatest common factor of 119 and s.
17
Let d = -50 - -30. Let z = 29 + d. Let v = -2 + 11. Calculate the greatest common divisor of v and z.
9
Let j be -9 + 113 + -11 + 7. Calculate the greatest common divisor of 320 and j.
20
Suppose -310 = -5*o + 850. Let p = -235 - -264. What is the highest common factor of o and p?
29
Suppose -2*n - 366 = -m, -4*n = 26 - 14. What is the highest common factor of 80 and m?
40
Suppose 14*h - 9*h + 20 = 0, r - 4*h = 25. Calculate the greatest common factor of r and 75.
3
Let x = -109 + 120. Calculate the highest common divisor of x and 2.
1
Let c = 66 - -130. 